at is the hundreds digit of 48822258?
2
What is the hundred millions digit of 448398166?
4
What is the millions digit of 56030714?
6
What is the hundred thousands digit of 76822975?
8
What is the units digit of 3133708679?
9
What is the billions digit of 1097445410?
1
What is the millions digit of 49481895?
9
What is the hundred millions digit of 129631418?
1
What is the ten thousands digit of 266287210?
8
What is the ten millions digit of 82075744?
8
What is the hundred millions digit of 258668780?
2
What is the hundred thousands digit of 2585443763?
4
What is the units digit of 541042562?
2
What is the units digit of 25990670?
0
What is the hundred thousands digit of 2852788814?
7
What is the hundreds digit of 172713677?
6
What is the ten millions digit of 99109771?
9
What is the thousands digit of 519552038?
2
What is the ten millions digit of 262567446?
6
What is the hundred thousands digit of 241036997?
0
What is the units digit of 33102106?
6
What is the hundred millions digit of 1323533790?
3
What is the thousands digit of 46170839?
0
What is the units digit of 463945862?
2
What is the ten thousands digit of 1452776?
5
What is the tens digit of 15740642?
4
What is the billions digit of 3272709149?
3
What is the billions digit of 8267510929?
8
What is the units digit of 100688898?
8
What is the hundred millions digit of 1828136025?
8
What is the ten thousands digit of 16049715?
4
What is the ten millions digit of 2560447596?
6
What is the units digit of 772351838?
8
What is the ten thousands digit of 369972672?
7
What is the hundred millions digit of 339917168?
3
What is the ten thousands digit of 18382272?
8
What is the thousands digit of 914686599?
6
What is the units digit of 78716583?
3
What is the ten millions digit of 987293392?
8
What is the ten millions digit of 30055413?
3
What is the millions digit of 185137261?
5
What is the ten millions digit of 318295217?
1
What is the ten millions digit of 61279839?
6
What is the units digit of 3797922001?
1
What is the units digit of 45410604?
4
What is the ten thousands digit of 4081210315?
1
What is the tens digit of 179772259?
5
What is the thousands digit of 111141545?
1
What is the ten thousands digit of 1123933330?
3
What is the ten thousands digit of 44630605?
3
What is the ten thousands digit of 121629510?
2
What is the tens digit of 215734817?
1
What is the hundreds digit of 106601781?
7
What is the tens digit of 36925601?
0
What is the millions digit of 5297305613?
7
What is the billions digit of 2045049648?
2
What is the thousands digit of 2490596?
0
What is the units digit of 12414351?
1
What is the tens digit of 79007292?
9
What is the ten millions digit of 276622934?
7
What is the ten thousands digit of 2165136349?
3
What is the hundreds digit of 540043975?
9
What is the units digit of 31950200?
0
What is the units digit of 3319821522?
2
What is the ten millions digit of 83850187?
8
What is the ten millions digit of 2218193823?
1
What is the millions digit of 3300936811?
0
What is the thousands digit of 605047466?
7
What is the hundreds digit of 361204413?
4
What is the ten thousands digit of 317252574?
5
What is the ten thousands digit of 155492760?
9
What is the hundreds digit of 1152036720?
7
What is the units digit of 14545945?
5
What is the tens digit of 1047499039?
3
What is the hundred thousands digit of 83723032?
7
What is the hundreds digit of 434752546?
5
What is the millions digit of 3266638692?
6
What is the ten thousands digit of 206038?
0
What is the millions digit of 73728940?
3
What is the tens digit of 3596504769?
6
What is the units digit of 75284068?
8
What is the hundred thousands digit of 73522965?
5
What is the tens digit of 145268859?
5
What is the millions digit of 1166370609?
6
What is the hundreds digit of 549085331?
3
What is the billions digit of 1539501980?
1
What is the ten millions digit of 2384535034?
8
What is the hundreds digit of 19302162?
1
What is the units digit of 987131865?
5
What is the thousands digit of 468186605?
6
What is the millions digit of 1793344507?
3
What is the millions digit of 30494635?
0
What is the units digit of 153151624?
4
What is the hundred thousands digit of 666675365?
6
What is the ten thousands digit of 89616268?
1
What is the thousands digit of 8455726736?
6
What is the ten millions digit of 520846489?
2
What is the thousands digit of 118753177?
3
What is the millions digit of 14610299?
4
What is the thousands digit of 41012777?
2
What is the units digit of 830603721?
1
What is the units digit of 742463895?
5
What is the hundreds digit of 70808490?
4
What is the thousands digit of 273729693?
9
What is the thousands digit of 123503502?
3
What is the ten thousands digit of 180617760?
1
What is the hundreds digit of 235536512?
5
What is the millions digit of 159183279?
9
What is the hundreds digit of 6348529372?
3
What is the hundreds digit of 1117717959?
9
What is the millions digit of 408793421?
8
What is the ten millions digit of 39045436?
3
What is the hundred millions digit of 162763197?
1
What is the thousands digit of 1766617447?
7
What is the thousands digit of 51009478?
9
What is the units digit of 1716061791?
1
What is the ten millions digit of 38529708?
3
What is the hundreds digit of 1289088958?
9
What is the hundred thousands digit of 26779847?
7
What is the billions digit of 1010571318?
1
What is the ten millions digit of 741528347?
4
What is the millions digit of 3079499870?
9
What is the units digit of 328153056?
6
What is the hundred millions digit of 2540100205?
5
What is the thousands digit of 41068872?
8
What is the ten millions digit of 66772664?
6
What is the thousands digit of 774779867?
9
What is the hundred millions digit of 2995544318?
9
What is the hundreds digit of 332148166?
1
What is the hundred thousands digit of 4084989?
0
What is the hundred millions digit of 1243144093?
2
What is the hundreds digit of 85229276?
2
What is the hundred millions digit of 118317938?
1
What is the ten thousands digit of 81599596?
9
What is the ten thousands digit of 505254188?
5
What is the billions digit of 3487338650?
3
What is the hundreds digit of 2078434028?
0
What is the units digit of 550249498?
8
What is the billions digit of 4167466410?
4
What is the ten thousands digit of 3120908930?
0
What is the units digit of 242919848?
8
What is the ten thousands digit of 23010247?
1
What is the thousands digit of 38074088?
4
What is the ten thousands digit of 1399876631?
7
What is the ten thousands digit of 221172490?
7
What is the hundreds digit of 44920583?
5
What is the units digit of 578010930?
0
What is the ten millions digit of 2532216692?
3
What is the thousands digit of 1695489927?
9
What is the hundreds digit of 751146352?
3
What is the tens digit of 76387531?
3
What is the hundreds digit of 1146385441?
4
What is the millions digit of 34941227?
4
What is the millions digit of 44761505?
4
What is the hundred thousands digit of 1813972919?
9
What is the ten thousands digit of 978283?
7
What is the hundred thousands digit of 26456290?
4
What is the hundreds digit of 29971869?
8
What is the hundred thousands digit of 5043347?
0
What is the billions digit of 5336533769?
5
What is the ten thousands digit of 172748723?
4
What is the hundreds digit of 1529263217?
2
What is the hundred millions digit of 189951827?
1
What is the ten thousands digit of 11063208?
6
What is the ten millions digit of 48686454?
4
What is the ten millions digit of 41284997?
4
What is the hundreds digit of 375639207?
2
What is the tens digit of 97424968?
6
What is the tens digit of 2139219767?
6
What is the ten millions digit of 135209479?
3
What is the tens digit of 56627026?
2
What is the ten thousands digit of 45085953?
8
What is the hundred thousands digit of 73956333?
9
What is the millions digit of 1457428928?
7
What is the hundreds digit of 366343885?
8
What is the tens digit of 129966155?
5
What is the hundred thousands digit of 29773522?
7
What is the hundreds digit of 912849756?
7
What is the hundred millions digit of 388213905?
3
What is the units digit of 34329470?
0
What is the units digit of 229341956?
6
What is the tens digit of 742704960?
6
What is the millions digit of 13293257?
3
What is the hundred million